{"id":23602,"date":"2026-01-14T09:27:46","date_gmt":"2026-01-14T09:27:46","guid":{"rendered":"https:\/\/www.bioanalyt.com\/event\/forum-sur-les-micronutriments-2026\/"},"modified":"2026-01-14T09:27:46","modified_gmt":"2026-01-14T09:27:46","slug":"forum-sur-les-micronutriments-2026","status":"publish","type":"tribe_events","link":"https:\/\/www.bioanalyt.com\/fr\/event\/forum-sur-les-micronutriments-2026\/","title":{"rendered":"Forum sur les micronutriments 2026"},"content":{"rendered":"<p>L&rsquo;\u00e9quipe BioAnalyt participera au 7e Forum mondial sur les micronutriments du 28 septembre au 1er octobre 2026, \u00e0 Accra, au Ghana. Nous esp\u00e9rons faire partie de la conversation qui examinera les preuves, les politiques et l&rsquo;innovation dans les domaines de la nutrition, des syst\u00e8mes alimentaires, du climat et du d\u00e9veloppement. <\/p>\n","protected":false},"excerpt":{"rendered":"<p>L&rsquo;\u00e9quipe BioAnalyt participera au 7e Forum mondial sur les micronutriments du 28 septembre au 1er octobre 2026, \u00e0 Accra, au Ghana. Nous esp\u00e9rons faire partie de la conversation qui examinera [&hellip;]<\/p>\n","protected":false},"author":3,"featured_media":23235,"template":"","meta":{"_acf_changed":false,"inline_featured_image":false,"_tribe_events_status":"","_tribe_events_status_reason":"","footnotes":""},"tags":[],"tribe_events_cat":[],"class_list":["post-23602","tribe_events","type-tribe_events","status-publish","has-post-thumbnail","hentry"],"acf":[],"yoast_head":"<!-- This site is optimized with the Yoast SEO plugin v25.5 - https:\/\/yoast.com\/wordpress\/plugins\/seo\/ -->\n<title>Forum sur les micronutriments 2026 - Bioanalyt<\/title>\n<meta name=\"description\" content=\"L&#039;\u00e9quipe BioAnalyt participera au 7\u00e8me Forum mondial sur les micronutriments du 28 septembre au 1er octobre 2026, \u00e0 Accra, au Ghana.\" \/>\n<meta name=\"robots\" content=\"index, follow, max-snippet:-1, max-image-preview:large, max-video-preview:-1\" \/>\n<link rel=\"canonical\" href=\"https:\/\/www.bioanalyt.com\/fr\/event\/forum-sur-les-micronutriments-2026\/\" \/>\n<meta property=\"og:locale\" content=\"fr_FR\" \/>\n<meta property=\"og:type\" content=\"article\" \/>\n<meta property=\"og:title\" content=\"Forum sur les micronutriments 2026 - Bioanalyt\" \/>\n<meta property=\"og:description\" content=\"L&#039;\u00e9quipe BioAnalyt participera au 7\u00e8me Forum mondial sur les micronutriments du 28 septembre au 1er octobre 2026, \u00e0 Accra, au Ghana.\" \/>\n<meta property=\"og:url\" content=\"https:\/\/www.bioanalyt.com\/fr\/event\/forum-sur-les-micronutriments-2026\/\" \/>\n<meta property=\"og:site_name\" content=\"Bioanalyt\" \/>\n<meta property=\"og:image\" content=\"https:\/\/www.bioanalyt.com\/wp-content\/uploads\/2026\/01\/Screenshot-2026-01-21-105129.png\" \/>\n\t<meta property=\"og:image:width\" content=\"933\" \/>\n\t<meta property=\"og:image:height\" content=\"298\" \/>\n\t<meta property=\"og:image:type\" content=\"image\/png\" \/>\n<meta name=\"twitter:card\" content=\"summary_large_image\" \/>\n<script type=\"application\/ld+json\" class=\"yoast-schema-graph\">{\"@context\":\"https:\/\/schema.org\",\"@graph\":[{\"@type\":\"WebPage\",\"@id\":\"https:\/\/www.bioanalyt.com\/fr\/event\/forum-sur-les-micronutriments-2026\/\",\"url\":\"https:\/\/www.bioanalyt.com\/fr\/event\/forum-sur-les-micronutriments-2026\/\",\"name\":\"Forum sur les micronutriments 2026 - Bioanalyt\",\"isPartOf\":{\"@id\":\"https:\/\/www.bioanalyt.com\/#website\"},\"primaryImageOfPage\":{\"@id\":\"https:\/\/www.bioanalyt.com\/fr\/event\/forum-sur-les-micronutriments-2026\/#primaryimage\"},\"image\":{\"@id\":\"https:\/\/www.bioanalyt.com\/fr\/event\/forum-sur-les-micronutriments-2026\/#primaryimage\"},\"thumbnailUrl\":\"https:\/\/www.bioanalyt.com\/wp-content\/uploads\/2026\/01\/Screenshot-2026-01-21-105129.png\",\"datePublished\":\"2026-01-14T09:27:46+00:00\",\"description\":\"L'\u00e9quipe BioAnalyt participera au 7\u00e8me Forum mondial sur les micronutriments du 28 septembre au 1er octobre 2026, \u00e0 Accra, au Ghana.\",\"breadcrumb\":{\"@id\":\"https:\/\/www.bioanalyt.com\/fr\/event\/forum-sur-les-micronutriments-2026\/#breadcrumb\"},\"inLanguage\":\"fr-FR\",\"potentialAction\":[{\"@type\":\"ReadAction\",\"target\":[\"https:\/\/www.bioanalyt.com\/fr\/event\/forum-sur-les-micronutriments-2026\/\"]}]},{\"@type\":\"ImageObject\",\"inLanguage\":\"fr-FR\",\"@id\":\"https:\/\/www.bioanalyt.com\/fr\/event\/forum-sur-les-micronutriments-2026\/#primaryimage\",\"url\":\"https:\/\/www.bioanalyt.com\/wp-content\/uploads\/2026\/01\/Screenshot-2026-01-21-105129.png\",\"contentUrl\":\"https:\/\/www.bioanalyt.com\/wp-content\/uploads\/2026\/01\/Screenshot-2026-01-21-105129.png\",\"width\":933,\"height\":298},{\"@type\":\"BreadcrumbList\",\"@id\":\"https:\/\/www.bioanalyt.com\/fr\/event\/forum-sur-les-micronutriments-2026\/#breadcrumb\",\"itemListElement\":[{\"@type\":\"ListItem\",\"position\":1,\"name\":\"Home\",\"item\":\"https:\/\/www.bioanalyt.com\/fr\/\"},{\"@type\":\"ListItem\",\"position\":2,\"name\":\"Events\",\"item\":\"https:\/\/www.bioanalyt.com\/tervie-events\/\"},{\"@type\":\"ListItem\",\"position\":3,\"name\":\"Forum sur les micronutriments 2026\"}]},{\"@type\":\"WebSite\",\"@id\":\"https:\/\/www.bioanalyt.com\/#website\",\"url\":\"https:\/\/www.bioanalyt.com\/\",\"name\":\"Bioanalyt\",\"description\":\"Measure for life\",\"publisher\":{\"@id\":\"https:\/\/www.bioanalyt.com\/#organization\"},\"potentialAction\":[{\"@type\":\"SearchAction\",\"target\":{\"@type\":\"EntryPoint\",\"urlTemplate\":\"https:\/\/www.bioanalyt.com\/?s={search_term_string}\"},\"query-input\":{\"@type\":\"PropertyValueSpecification\",\"valueRequired\":true,\"valueName\":\"search_term_string\"}}],\"inLanguage\":\"fr-FR\"},{\"@type\":\"Organization\",\"@id\":\"https:\/\/www.bioanalyt.com\/#organization\",\"name\":\"Bioanalyt\",\"url\":\"https:\/\/www.bioanalyt.com\/\",\"logo\":{\"@type\":\"ImageObject\",\"inLanguage\":\"fr-FR\",\"@id\":\"https:\/\/www.bioanalyt.com\/#\/schema\/logo\/image\/\",\"url\":\"https:\/\/www.bioanalyt.com\/wp-content\/uploads\/2024\/09\/Logo-Horizontal.svg\",\"contentUrl\":\"https:\/\/www.bioanalyt.com\/wp-content\/uploads\/2024\/09\/Logo-Horizontal.svg\",\"width\":112,\"height\":64,\"caption\":\"Bioanalyt\"},\"image\":{\"@id\":\"https:\/\/www.bioanalyt.com\/#\/schema\/logo\/image\/\"},\"sameAs\":[\"https:\/\/www.linkedin.com\/company\/bioanalyt\/\",\"https:\/\/www.youtube.com\/user\/BioAnalyt\"]}]}<\/script>\n<!-- \/ Yoast SEO plugin. -->","yoast_head_json":{"title":"Forum sur les micronutriments 2026 - Bioanalyt","description":"L'\u00e9quipe BioAnalyt participera au 7\u00e8me Forum mondial sur les micronutriments du 28 septembre au 1er octobre 2026, \u00e0 Accra, au Ghana.","robots":{"index":"index","follow":"follow","max-snippet":"max-snippet:-1","max-image-preview":"max-image-preview:large","max-video-preview":"max-video-preview:-1"},"canonical":"https:\/\/www.bioanalyt.com\/fr\/event\/forum-sur-les-micronutriments-2026\/","og_locale":"fr_FR","og_type":"article","og_title":"Forum sur les micronutriments 2026 - Bioanalyt","og_description":"L'\u00e9quipe BioAnalyt participera au 7\u00e8me Forum mondial sur les micronutriments du 28 septembre au 1er octobre 2026, \u00e0 Accra, au Ghana.","og_url":"https:\/\/www.bioanalyt.com\/fr\/event\/forum-sur-les-micronutriments-2026\/","og_site_name":"Bioanalyt","og_image":[{"width":933,"height":298,"url":"https:\/\/www.bioanalyt.com\/wp-content\/uploads\/2026\/01\/Screenshot-2026-01-21-105129.png","type":"image\/png"}],"twitter_card":"summary_large_image","schema":{"@context":"https:\/\/schema.org","@graph":[{"@type":"WebPage","@id":"https:\/\/www.bioanalyt.com\/fr\/event\/forum-sur-les-micronutriments-2026\/","url":"https:\/\/www.bioanalyt.com\/fr\/event\/forum-sur-les-micronutriments-2026\/","name":"Forum sur les micronutriments 2026 - Bioanalyt","isPartOf":{"@id":"https:\/\/www.bioanalyt.com\/#website"},"primaryImageOfPage":{"@id":"https:\/\/www.bioanalyt.com\/fr\/event\/forum-sur-les-micronutriments-2026\/#primaryimage"},"image":{"@id":"https:\/\/www.bioanalyt.com\/fr\/event\/forum-sur-les-micronutriments-2026\/#primaryimage"},"thumbnailUrl":"https:\/\/www.bioanalyt.com\/wp-content\/uploads\/2026\/01\/Screenshot-2026-01-21-105129.png","datePublished":"2026-01-14T09:27:46+00:00","description":"L'\u00e9quipe BioAnalyt participera au 7\u00e8me Forum mondial sur les micronutriments du 28 septembre au 1er octobre 2026, \u00e0 Accra, au Ghana.","breadcrumb":{"@id":"https:\/\/www.bioanalyt.com\/fr\/event\/forum-sur-les-micronutriments-2026\/#breadcrumb"},"inLanguage":"fr-FR","potentialAction":[{"@type":"ReadAction","target":["https:\/\/www.bioanalyt.com\/fr\/event\/forum-sur-les-micronutriments-2026\/"]}]},{"@type":"ImageObject","inLanguage":"fr-FR","@id":"https:\/\/www.bioanalyt.com\/fr\/event\/forum-sur-les-micronutriments-2026\/#primaryimage","url":"https:\/\/www.bioanalyt.com\/wp-content\/uploads\/2026\/01\/Screenshot-2026-01-21-105129.png","contentUrl":"https:\/\/www.bioanalyt.com\/wp-content\/uploads\/2026\/01\/Screenshot-2026-01-21-105129.png","width":933,"height":298},{"@type":"BreadcrumbList","@id":"https:\/\/www.bioanalyt.com\/fr\/event\/forum-sur-les-micronutriments-2026\/#breadcrumb","itemListElement":[{"@type":"ListItem","position":1,"name":"Home","item":"https:\/\/www.bioanalyt.com\/fr\/"},{"@type":"ListItem","position":2,"name":"Events","item":"https:\/\/www.bioanalyt.com\/tervie-events\/"},{"@type":"ListItem","position":3,"name":"Forum sur les micronutriments 2026"}]},{"@type":"WebSite","@id":"https:\/\/www.bioanalyt.com\/#website","url":"https:\/\/www.bioanalyt.com\/","name":"Bioanalyt","description":"Measure for life","publisher":{"@id":"https:\/\/www.bioanalyt.com\/#organization"},"potentialAction":[{"@type":"SearchAction","target":{"@type":"EntryPoint","urlTemplate":"https:\/\/www.bioanalyt.com\/?s={search_term_string}"},"query-input":{"@type":"PropertyValueSpecification","valueRequired":true,"valueName":"search_term_string"}}],"inLanguage":"fr-FR"},{"@type":"Organization","@id":"https:\/\/www.bioanalyt.com\/#organization","name":"Bioanalyt","url":"https:\/\/www.bioanalyt.com\/","logo":{"@type":"ImageObject","inLanguage":"fr-FR","@id":"https:\/\/www.bioanalyt.com\/#\/schema\/logo\/image\/","url":"https:\/\/www.bioanalyt.com\/wp-content\/uploads\/2024\/09\/Logo-Horizontal.svg","contentUrl":"https:\/\/www.bioanalyt.com\/wp-content\/uploads\/2024\/09\/Logo-Horizontal.svg","width":112,"height":64,"caption":"Bioanalyt"},"image":{"@id":"https:\/\/www.bioanalyt.com\/#\/schema\/logo\/image\/"},"sameAs":["https:\/\/www.linkedin.com\/company\/bioanalyt\/","https:\/\/www.youtube.com\/user\/BioAnalyt"]}]}},"_links":{"self":[{"href":"https:\/\/www.bioanalyt.com\/fr\/wp-json\/wp\/v2\/tribe_events\/23602","targetHints":{"allow":["GET"]}}],"collection":[{"href":"https:\/\/www.bioanalyt.com\/fr\/wp-json\/wp\/v2\/tribe_events"}],"about":[{"href":"https:\/\/www.bioanalyt.com\/fr\/wp-json\/wp\/v2\/types\/tribe_events"}],"author":[{"embeddable":true,"href":"https:\/\/www.bioanalyt.com\/fr\/wp-json\/wp\/v2\/users\/3"}],"version-history":[{"count":0,"href":"https:\/\/www.bioanalyt.com\/fr\/wp-json\/wp\/v2\/tribe_events\/23602\/revisions"}],"wp:featuredmedia":[{"embeddable":true,"href":"https:\/\/www.bioanalyt.com\/fr\/wp-json\/wp\/v2\/media\/23235"}],"wp:attachment":[{"href":"https:\/\/www.bioanalyt.com\/fr\/wp-json\/wp\/v2\/media?parent=23602"}],"wp:term":[{"taxonomy":"post_tag","embeddable":true,"href":"https:\/\/www.bioanalyt.com\/fr\/wp-json\/wp\/v2\/tags?post=23602"},{"taxonomy":"tribe_events_cat","embeddable":true,"href":"https:\/\/www.bioanalyt.com\/fr\/wp-json\/wp\/v2\/tribe_events_cat?post=23602"}],"curies":[{"name":"wp","href":"https:\/\/api.w.org\/{rel}","templated":true}]}}

<p>L&rsquo;équipe BioAnalyt participera au 7e Forum mondial sur les micronutriments du 28 septembre au 1er octobre 2026, à Accra, au Ghana. Nous espérons faire partie de la conversation qui examinera les preuves, les politiques et l&rsquo;innovation dans les domaines de la nutrition, des systèmes alimentaires, du climat et du développement. </p>

<p>L&rsquo;équipe BioAnalyt participera au 7e Forum mondial sur les micronutriments du 28 septembre au 1er octobre 2026, à Accra, au Ghana. Nous espérons faire partie de la conversation qui examinera [&hellip;]</p>

<!-- This site is optimized with the Yoast SEO plugin v25.5 - https://yoast.com/wordpress/plugins/seo/ -->
<title>Forum sur les micronutriments 2026 - Bioanalyt</title>
<meta name="description" content="L&#039;équipe BioAnalyt participera au 7ème Forum mondial sur les micronutriments du 28 septembre au 1er octobre 2026, à Accra, au Ghana." />
<meta name="robots" content="index, follow, max-snippet:-1, max-image-preview:large, max-video-preview:-1" />
<link rel="canonical" href="https://www.bioanalyt.com/fr/event/forum-sur-les-micronutriments-2026/" />
<meta property="og:locale" content="fr_FR" />
<meta property="og:type" content="article" />
<meta property="og:title" content="Forum sur les micronutriments 2026 - Bioanalyt" />
<meta property="og:description" content="L&#039;équipe BioAnalyt participera au 7ème Forum mondial sur les micronutriments du 28 septembre au 1er octobre 2026, à Accra, au Ghana." />
<meta property="og:url" content="https://www.bioanalyt.com/fr/event/forum-sur-les-micronutriments-2026/" />
<meta property="og:site_name" content="Bioanalyt" />
<meta property="og:image" content="https://www.bioanalyt.com/wp-content/uploads/2026/01/Screenshot-2026-01-21-105129.png" />
	<meta property="og:image:width" content="933" />
	<meta property="og:image:height" content="298" />
	<meta property="og:image:type" content="image/png" />
<meta name="twitter:card" content="summary_large_image" />
<script type="application/ld+json" class="yoast-schema-graph">{"@context":"https://schema.org","@graph":[{"@type":"WebPage","@id":"https://www.bioanalyt.com/fr/event/forum-sur-les-micronutriments-2026/","url":"https://www.bioanalyt.com/fr/event/forum-sur-les-micronutriments-2026/","name":"Forum sur les micronutriments 2026 - Bioanalyt","isPartOf":{"@id":"https://www.bioanalyt.com/#website"},"primaryImageOfPage":{"@id":"https://www.bioanalyt.com/fr/event/forum-sur-les-micronutriments-2026/#primaryimage"},"image":{"@id":"https://www.bioanalyt.com/fr/event/forum-sur-les-micronutriments-2026/#primaryimage"},"thumbnailUrl":"https://www.bioanalyt.com/wp-content/uploads/2026/01/Screenshot-2026-01-21-105129.png","datePublished":"2026-01-14T09:27:46+00:00","description":"L'équipe BioAnalyt participera au 7ème Forum mondial sur les micronutriments du 28 septembre au 1er octobre 2026, à Accra, au Ghana.","breadcrumb":{"@id":"https://www.bioanalyt.com/fr/event/forum-sur-les-micronutriments-2026/#breadcrumb"},"inLanguage":"fr-FR","potentialAction":[{"@type":"ReadAction","target":["https://www.bioanalyt.com/fr/event/forum-sur-les-micronutriments-2026/"]}]},{"@type":"ImageObject","inLanguage":"fr-FR","@id":"https://www.bioanalyt.com/fr/event/forum-sur-les-micronutriments-2026/#primaryimage","url":"https://www.bioanalyt.com/wp-content/uploads/2026/01/Screenshot-2026-01-21-105129.png","contentUrl":"https://www.bioanalyt.com/wp-content/uploads/2026/01/Screenshot-2026-01-21-105129.png","width":933,"height":298},{"@type":"BreadcrumbList","@id":"https://www.bioanalyt.com/fr/event/forum-sur-les-micronutriments-2026/#breadcrumb","itemListElement":[{"@type":"ListItem","position":1,"name":"Home","item":"https://www.bioanalyt.com/fr/"},{"@type":"ListItem","position":2,"name":"Events","item":"https://www.bioanalyt.com/tervie-events/"},{"@type":"ListItem","position":3,"name":"Forum sur les micronutriments 2026"}]},{"@type":"WebSite","@id":"https://www.bioanalyt.com/#website","url":"https://www.bioanalyt.com/","name":"Bioanalyt","description":"Measure for life","publisher":{"@id":"https://www.bioanalyt.com/#organization"},"potentialAction":[{"@type":"SearchAction","target":{"@type":"EntryPoint","urlTemplate":"https://www.bioanalyt.com/?s={search_term_string}"},"query-input":{"@type":"PropertyValueSpecification","valueRequired":true,"valueName":"search_term_string"}}],"inLanguage":"fr-FR"},{"@type":"Organization","@id":"https://www.bioanalyt.com/#organization","name":"Bioanalyt","url":"https://www.bioanalyt.com/","logo":{"@type":"ImageObject","inLanguage":"fr-FR","@id":"https://www.bioanalyt.com/#/schema/logo/image/","url":"https://www.bioanalyt.com/wp-content/uploads/2024/09/Logo-Horizontal.svg","contentUrl":"https://www.bioanalyt.com/wp-content/uploads/2024/09/Logo-Horizontal.svg","width":112,"height":64,"caption":"Bioanalyt"},"image":{"@id":"https://www.bioanalyt.com/#/schema/logo/image/"},"sameAs":["https://www.linkedin.com/company/bioanalyt/","https://www.youtube.com/user/BioAnalyt"]}]}</script>
<!-- / Yoast SEO plugin. -->

L'équipe BioAnalyt participera au 7ème Forum mondial sur les micronutriments du 28 septembre au 1er octobre 2026, à Accra, au Ghana.
