{"id":22588,"date":"2025-01-14T11:04:17","date_gmt":"2025-01-14T11:04:17","guid":{"rendered":"https:\/\/www.bioanalyt.com\/event\/nutrition-pour-la-croissance-paris-2025\/"},"modified":"2025-01-14T11:04:17","modified_gmt":"2025-01-14T11:04:17","slug":"nutrition-pour-la-croissance-paris-2025","status":"publish","type":"tribe_events","link":"https:\/\/www.bioanalyt.com\/fr\/event\/nutrition-pour-la-croissance-paris-2025\/","title":{"rendered":"Nutrition pour la croissance Paris 2025"},"content":{"rendered":"<p>N4G Paris r\u00e9unira les gouvernements, les organisations, les entreprises, les ONG et les principales parties prenantes \u00e0 l&rsquo;\u00e9chelle mondiale et r\u00e9gionale afin de donner la priorit\u00e9 \u00e0 la nutrition dans le d\u00e9veloppement et d&rsquo;acc\u00e9l\u00e9rer les progr\u00e8s contre la malnutrition.<\/p>\n","protected":false},"excerpt":{"rendered":"<p>N4G Paris r\u00e9unira les gouvernements, les organisations, les entreprises, les ONG et les principales parties prenantes \u00e0 l&rsquo;\u00e9chelle mondiale et r\u00e9gionale afin de donner la priorit\u00e9 \u00e0 la nutrition dans [&hellip;]<\/p>\n","protected":false},"author":3,"featured_media":19451,"template":"","meta":{"_acf_changed":false,"inline_featured_image":false,"_tribe_events_status":"","_tribe_events_status_reason":"","footnotes":""},"tags":[],"tribe_events_cat":[],"class_list":["post-22588","tribe_events","type-tribe_events","status-publish","has-post-thumbnail","hentry"],"acf":[],"yoast_head":"<!-- This site is optimized with the Yoast SEO plugin v25.5 - https:\/\/yoast.com\/wordpress\/plugins\/seo\/ -->\n<title>Nutrition pour la croissance Paris 2025 - Bioanalyt<\/title>\n<meta name=\"description\" content=\"N4G Paris r\u00e9unira les gouvernements, les organisations, les entreprises, les ONG et les principales parties prenantes \u00e0 l&#039;\u00e9chelle mondiale et r\u00e9gionale afin de donner la priorit\u00e9 \u00e0 la nutrition dans le d\u00e9veloppement et d&#039;acc\u00e9l\u00e9rer les progr\u00e8s contre la malnutrition.\" \/>\n<meta name=\"robots\" content=\"index, follow, max-snippet:-1, max-image-preview:large, max-video-preview:-1\" \/>\n<link rel=\"canonical\" href=\"https:\/\/www.bioanalyt.com\/fr\/event\/nutrition-pour-la-croissance-paris-2025\/\" \/>\n<meta property=\"og:locale\" content=\"fr_FR\" \/>\n<meta property=\"og:type\" content=\"article\" \/>\n<meta property=\"og:title\" content=\"Nutrition pour la croissance Paris 2025 - Bioanalyt\" \/>\n<meta property=\"og:description\" content=\"N4G Paris r\u00e9unira les gouvernements, les organisations, les entreprises, les ONG et les principales parties prenantes \u00e0 l&#039;\u00e9chelle mondiale et r\u00e9gionale afin de donner la priorit\u00e9 \u00e0 la nutrition dans le d\u00e9veloppement et d&#039;acc\u00e9l\u00e9rer les progr\u00e8s contre la malnutrition.\" \/>\n<meta property=\"og:url\" content=\"https:\/\/www.bioanalyt.com\/fr\/event\/nutrition-pour-la-croissance-paris-2025\/\" \/>\n<meta property=\"og:site_name\" content=\"Bioanalyt\" \/>\n<meta property=\"og:image\" content=\"https:\/\/www.bioanalyt.com\/wp-content\/uploads\/2025\/01\/images.png\" \/>\n\t<meta property=\"og:image:width\" content=\"299\" \/>\n\t<meta property=\"og:image:height\" content=\"168\" \/>\n\t<meta property=\"og:image:type\" content=\"image\/png\" \/>\n<meta name=\"twitter:card\" content=\"summary_large_image\" \/>\n<script type=\"application\/ld+json\" class=\"yoast-schema-graph\">{\"@context\":\"https:\/\/schema.org\",\"@graph\":[{\"@type\":\"WebPage\",\"@id\":\"https:\/\/www.bioanalyt.com\/fr\/event\/nutrition-pour-la-croissance-paris-2025\/\",\"url\":\"https:\/\/www.bioanalyt.com\/fr\/event\/nutrition-pour-la-croissance-paris-2025\/\",\"name\":\"Nutrition pour la croissance Paris 2025 - Bioanalyt\",\"isPartOf\":{\"@id\":\"https:\/\/www.bioanalyt.com\/#website\"},\"primaryImageOfPage\":{\"@id\":\"https:\/\/www.bioanalyt.com\/fr\/event\/nutrition-pour-la-croissance-paris-2025\/#primaryimage\"},\"image\":{\"@id\":\"https:\/\/www.bioanalyt.com\/fr\/event\/nutrition-pour-la-croissance-paris-2025\/#primaryimage\"},\"thumbnailUrl\":\"https:\/\/www.bioanalyt.com\/wp-content\/uploads\/2025\/01\/images.png\",\"datePublished\":\"2025-01-14T11:04:17+00:00\",\"description\":\"N4G Paris r\u00e9unira les gouvernements, les organisations, les entreprises, les ONG et les principales parties prenantes \u00e0 l'\u00e9chelle mondiale et r\u00e9gionale afin de donner la priorit\u00e9 \u00e0 la nutrition dans le d\u00e9veloppement et d'acc\u00e9l\u00e9rer les progr\u00e8s contre la malnutrition.\",\"breadcrumb\":{\"@id\":\"https:\/\/www.bioanalyt.com\/fr\/event\/nutrition-pour-la-croissance-paris-2025\/#breadcrumb\"},\"inLanguage\":\"fr-FR\",\"potentialAction\":[{\"@type\":\"ReadAction\",\"target\":[\"https:\/\/www.bioanalyt.com\/fr\/event\/nutrition-pour-la-croissance-paris-2025\/\"]}]},{\"@type\":\"ImageObject\",\"inLanguage\":\"fr-FR\",\"@id\":\"https:\/\/www.bioanalyt.com\/fr\/event\/nutrition-pour-la-croissance-paris-2025\/#primaryimage\",\"url\":\"https:\/\/www.bioanalyt.com\/wp-content\/uploads\/2025\/01\/images.png\",\"contentUrl\":\"https:\/\/www.bioanalyt.com\/wp-content\/uploads\/2025\/01\/images.png\",\"width\":299,\"height\":168},{\"@type\":\"BreadcrumbList\",\"@id\":\"https:\/\/www.bioanalyt.com\/fr\/event\/nutrition-pour-la-croissance-paris-2025\/#breadcrumb\",\"itemListElement\":[{\"@type\":\"ListItem\",\"position\":1,\"name\":\"Home\",\"item\":\"https:\/\/www.bioanalyt.com\/fr\/\"},{\"@type\":\"ListItem\",\"position\":2,\"name\":\"Events\",\"item\":\"https:\/\/www.bioanalyt.com\/tervie-events\/\"},{\"@type\":\"ListItem\",\"position\":3,\"name\":\"Nutrition pour la croissance Paris 2025\"}]},{\"@type\":\"WebSite\",\"@id\":\"https:\/\/www.bioanalyt.com\/#website\",\"url\":\"https:\/\/www.bioanalyt.com\/\",\"name\":\"Bioanalyt\",\"description\":\"Measure for life\",\"publisher\":{\"@id\":\"https:\/\/www.bioanalyt.com\/#organization\"},\"potentialAction\":[{\"@type\":\"SearchAction\",\"target\":{\"@type\":\"EntryPoint\",\"urlTemplate\":\"https:\/\/www.bioanalyt.com\/?s={search_term_string}\"},\"query-input\":{\"@type\":\"PropertyValueSpecification\",\"valueRequired\":true,\"valueName\":\"search_term_string\"}}],\"inLanguage\":\"fr-FR\"},{\"@type\":\"Organization\",\"@id\":\"https:\/\/www.bioanalyt.com\/#organization\",\"name\":\"Bioanalyt\",\"url\":\"https:\/\/www.bioanalyt.com\/\",\"logo\":{\"@type\":\"ImageObject\",\"inLanguage\":\"fr-FR\",\"@id\":\"https:\/\/www.bioanalyt.com\/#\/schema\/logo\/image\/\",\"url\":\"https:\/\/www.bioanalyt.com\/wp-content\/uploads\/2024\/09\/Logo-Horizontal.svg\",\"contentUrl\":\"https:\/\/www.bioanalyt.com\/wp-content\/uploads\/2024\/09\/Logo-Horizontal.svg\",\"width\":112,\"height\":64,\"caption\":\"Bioanalyt\"},\"image\":{\"@id\":\"https:\/\/www.bioanalyt.com\/#\/schema\/logo\/image\/\"},\"sameAs\":[\"https:\/\/www.linkedin.com\/company\/bioanalyt\/\",\"https:\/\/www.youtube.com\/user\/BioAnalyt\"]}]}<\/script>\n<!-- \/ Yoast SEO plugin. -->","yoast_head_json":{"title":"Nutrition pour la croissance Paris 2025 - Bioanalyt","description":"N4G Paris r\u00e9unira les gouvernements, les organisations, les entreprises, les ONG et les principales parties prenantes \u00e0 l'\u00e9chelle mondiale et r\u00e9gionale afin de donner la priorit\u00e9 \u00e0 la nutrition dans le d\u00e9veloppement et d'acc\u00e9l\u00e9rer les progr\u00e8s contre la malnutrition.","robots":{"index":"index","follow":"follow","max-snippet":"max-snippet:-1","max-image-preview":"max-image-preview:large","max-video-preview":"max-video-preview:-1"},"canonical":"https:\/\/www.bioanalyt.com\/fr\/event\/nutrition-pour-la-croissance-paris-2025\/","og_locale":"fr_FR","og_type":"article","og_title":"Nutrition pour la croissance Paris 2025 - Bioanalyt","og_description":"N4G Paris r\u00e9unira les gouvernements, les organisations, les entreprises, les ONG et les principales parties prenantes \u00e0 l'\u00e9chelle mondiale et r\u00e9gionale afin de donner la priorit\u00e9 \u00e0 la nutrition dans le d\u00e9veloppement et d'acc\u00e9l\u00e9rer les progr\u00e8s contre la malnutrition.","og_url":"https:\/\/www.bioanalyt.com\/fr\/event\/nutrition-pour-la-croissance-paris-2025\/","og_site_name":"Bioanalyt","og_image":[{"width":299,"height":168,"url":"https:\/\/www.bioanalyt.com\/wp-content\/uploads\/2025\/01\/images.png","type":"image\/png"}],"twitter_card":"summary_large_image","schema":{"@context":"https:\/\/schema.org","@graph":[{"@type":"WebPage","@id":"https:\/\/www.bioanalyt.com\/fr\/event\/nutrition-pour-la-croissance-paris-2025\/","url":"https:\/\/www.bioanalyt.com\/fr\/event\/nutrition-pour-la-croissance-paris-2025\/","name":"Nutrition pour la croissance Paris 2025 - Bioanalyt","isPartOf":{"@id":"https:\/\/www.bioanalyt.com\/#website"},"primaryImageOfPage":{"@id":"https:\/\/www.bioanalyt.com\/fr\/event\/nutrition-pour-la-croissance-paris-2025\/#primaryimage"},"image":{"@id":"https:\/\/www.bioanalyt.com\/fr\/event\/nutrition-pour-la-croissance-paris-2025\/#primaryimage"},"thumbnailUrl":"https:\/\/www.bioanalyt.com\/wp-content\/uploads\/2025\/01\/images.png","datePublished":"2025-01-14T11:04:17+00:00","description":"N4G Paris r\u00e9unira les gouvernements, les organisations, les entreprises, les ONG et les principales parties prenantes \u00e0 l'\u00e9chelle mondiale et r\u00e9gionale afin de donner la priorit\u00e9 \u00e0 la nutrition dans le d\u00e9veloppement et d'acc\u00e9l\u00e9rer les progr\u00e8s contre la malnutrition.","breadcrumb":{"@id":"https:\/\/www.bioanalyt.com\/fr\/event\/nutrition-pour-la-croissance-paris-2025\/#breadcrumb"},"inLanguage":"fr-FR","potentialAction":[{"@type":"ReadAction","target":["https:\/\/www.bioanalyt.com\/fr\/event\/nutrition-pour-la-croissance-paris-2025\/"]}]},{"@type":"ImageObject","inLanguage":"fr-FR","@id":"https:\/\/www.bioanalyt.com\/fr\/event\/nutrition-pour-la-croissance-paris-2025\/#primaryimage","url":"https:\/\/www.bioanalyt.com\/wp-content\/uploads\/2025\/01\/images.png","contentUrl":"https:\/\/www.bioanalyt.com\/wp-content\/uploads\/2025\/01\/images.png","width":299,"height":168},{"@type":"BreadcrumbList","@id":"https:\/\/www.bioanalyt.com\/fr\/event\/nutrition-pour-la-croissance-paris-2025\/#breadcrumb","itemListElement":[{"@type":"ListItem","position":1,"name":"Home","item":"https:\/\/www.bioanalyt.com\/fr\/"},{"@type":"ListItem","position":2,"name":"Events","item":"https:\/\/www.bioanalyt.com\/tervie-events\/"},{"@type":"ListItem","position":3,"name":"Nutrition pour la croissance Paris 2025"}]},{"@type":"WebSite","@id":"https:\/\/www.bioanalyt.com\/#website","url":"https:\/\/www.bioanalyt.com\/","name":"Bioanalyt","description":"Measure for life","publisher":{"@id":"https:\/\/www.bioanalyt.com\/#organization"},"potentialAction":[{"@type":"SearchAction","target":{"@type":"EntryPoint","urlTemplate":"https:\/\/www.bioanalyt.com\/?s={search_term_string}"},"query-input":{"@type":"PropertyValueSpecification","valueRequired":true,"valueName":"search_term_string"}}],"inLanguage":"fr-FR"},{"@type":"Organization","@id":"https:\/\/www.bioanalyt.com\/#organization","name":"Bioanalyt","url":"https:\/\/www.bioanalyt.com\/","logo":{"@type":"ImageObject","inLanguage":"fr-FR","@id":"https:\/\/www.bioanalyt.com\/#\/schema\/logo\/image\/","url":"https:\/\/www.bioanalyt.com\/wp-content\/uploads\/2024\/09\/Logo-Horizontal.svg","contentUrl":"https:\/\/www.bioanalyt.com\/wp-content\/uploads\/2024\/09\/Logo-Horizontal.svg","width":112,"height":64,"caption":"Bioanalyt"},"image":{"@id":"https:\/\/www.bioanalyt.com\/#\/schema\/logo\/image\/"},"sameAs":["https:\/\/www.linkedin.com\/company\/bioanalyt\/","https:\/\/www.youtube.com\/user\/BioAnalyt"]}]}},"_links":{"self":[{"href":"https:\/\/www.bioanalyt.com\/fr\/wp-json\/wp\/v2\/tribe_events\/22588","targetHints":{"allow":["GET"]}}],"collection":[{"href":"https:\/\/www.bioanalyt.com\/fr\/wp-json\/wp\/v2\/tribe_events"}],"about":[{"href":"https:\/\/www.bioanalyt.com\/fr\/wp-json\/wp\/v2\/types\/tribe_events"}],"author":[{"embeddable":true,"href":"https:\/\/www.bioanalyt.com\/fr\/wp-json\/wp\/v2\/users\/3"}],"version-history":[{"count":0,"href":"https:\/\/www.bioanalyt.com\/fr\/wp-json\/wp\/v2\/tribe_events\/22588\/revisions"}],"wp:featuredmedia":[{"embeddable":true,"href":"https:\/\/www.bioanalyt.com\/fr\/wp-json\/wp\/v2\/media\/19451"}],"wp:attachment":[{"href":"https:\/\/www.bioanalyt.com\/fr\/wp-json\/wp\/v2\/media?parent=22588"}],"wp:term":[{"taxonomy":"post_tag","embeddable":true,"href":"https:\/\/www.bioanalyt.com\/fr\/wp-json\/wp\/v2\/tags?post=22588"},{"taxonomy":"tribe_events_cat","embeddable":true,"href":"https:\/\/www.bioanalyt.com\/fr\/wp-json\/wp\/v2\/tribe_events_cat?post=22588"}],"curies":[{"name":"wp","href":"https:\/\/api.w.org\/{rel}","templated":true}]}}

<p>N4G Paris réunira les gouvernements, les organisations, les entreprises, les ONG et les principales parties prenantes à l&rsquo;échelle mondiale et régionale afin de donner la priorité à la nutrition dans le développement et d&rsquo;accélérer les progrès contre la malnutrition.</p>

<p>N4G Paris réunira les gouvernements, les organisations, les entreprises, les ONG et les principales parties prenantes à l&rsquo;échelle mondiale et régionale afin de donner la priorité à la nutrition dans [&hellip;]</p>

<!-- This site is optimized with the Yoast SEO plugin v25.5 - https://yoast.com/wordpress/plugins/seo/ -->
<title>Nutrition pour la croissance Paris 2025 - Bioanalyt</title>
<meta name="description" content="N4G Paris réunira les gouvernements, les organisations, les entreprises, les ONG et les principales parties prenantes à l&#039;échelle mondiale et régionale afin de donner la priorité à la nutrition dans le développement et d&#039;accélérer les progrès contre la malnutrition." />
<meta name="robots" content="index, follow, max-snippet:-1, max-image-preview:large, max-video-preview:-1" />
<link rel="canonical" href="https://www.bioanalyt.com/fr/event/nutrition-pour-la-croissance-paris-2025/" />
<meta property="og:locale" content="fr_FR" />
<meta property="og:type" content="article" />
<meta property="og:title" content="Nutrition pour la croissance Paris 2025 - Bioanalyt" />
<meta property="og:description" content="N4G Paris réunira les gouvernements, les organisations, les entreprises, les ONG et les principales parties prenantes à l&#039;échelle mondiale et régionale afin de donner la priorité à la nutrition dans le développement et d&#039;accélérer les progrès contre la malnutrition." />
<meta property="og:url" content="https://www.bioanalyt.com/fr/event/nutrition-pour-la-croissance-paris-2025/" />
<meta property="og:site_name" content="Bioanalyt" />
<meta property="og:image" content="https://www.bioanalyt.com/wp-content/uploads/2025/01/images.png" />
	<meta property="og:image:width" content="299" />
	<meta property="og:image:height" content="168" />
	<meta property="og:image:type" content="image/png" />
<meta name="twitter:card" content="summary_large_image" />
<script type="application/ld+json" class="yoast-schema-graph">{"@context":"https://schema.org","@graph":[{"@type":"WebPage","@id":"https://www.bioanalyt.com/fr/event/nutrition-pour-la-croissance-paris-2025/","url":"https://www.bioanalyt.com/fr/event/nutrition-pour-la-croissance-paris-2025/","name":"Nutrition pour la croissance Paris 2025 - Bioanalyt","isPartOf":{"@id":"https://www.bioanalyt.com/#website"},"primaryImageOfPage":{"@id":"https://www.bioanalyt.com/fr/event/nutrition-pour-la-croissance-paris-2025/#primaryimage"},"image":{"@id":"https://www.bioanalyt.com/fr/event/nutrition-pour-la-croissance-paris-2025/#primaryimage"},"thumbnailUrl":"https://www.bioanalyt.com/wp-content/uploads/2025/01/images.png","datePublished":"2025-01-14T11:04:17+00:00","description":"N4G Paris réunira les gouvernements, les organisations, les entreprises, les ONG et les principales parties prenantes à l'échelle mondiale et régionale afin de donner la priorité à la nutrition dans le développement et d'accélérer les progrès contre la malnutrition.","breadcrumb":{"@id":"https://www.bioanalyt.com/fr/event/nutrition-pour-la-croissance-paris-2025/#breadcrumb"},"inLanguage":"fr-FR","potentialAction":[{"@type":"ReadAction","target":["https://www.bioanalyt.com/fr/event/nutrition-pour-la-croissance-paris-2025/"]}]},{"@type":"ImageObject","inLanguage":"fr-FR","@id":"https://www.bioanalyt.com/fr/event/nutrition-pour-la-croissance-paris-2025/#primaryimage","url":"https://www.bioanalyt.com/wp-content/uploads/2025/01/images.png","contentUrl":"https://www.bioanalyt.com/wp-content/uploads/2025/01/images.png","width":299,"height":168},{"@type":"BreadcrumbList","@id":"https://www.bioanalyt.com/fr/event/nutrition-pour-la-croissance-paris-2025/#breadcrumb","itemListElement":[{"@type":"ListItem","position":1,"name":"Home","item":"https://www.bioanalyt.com/fr/"},{"@type":"ListItem","position":2,"name":"Events","item":"https://www.bioanalyt.com/tervie-events/"},{"@type":"ListItem","position":3,"name":"Nutrition pour la croissance Paris 2025"}]},{"@type":"WebSite","@id":"https://www.bioanalyt.com/#website","url":"https://www.bioanalyt.com/","name":"Bioanalyt","description":"Measure for life","publisher":{"@id":"https://www.bioanalyt.com/#organization"},"potentialAction":[{"@type":"SearchAction","target":{"@type":"EntryPoint","urlTemplate":"https://www.bioanalyt.com/?s={search_term_string}"},"query-input":{"@type":"PropertyValueSpecification","valueRequired":true,"valueName":"search_term_string"}}],"inLanguage":"fr-FR"},{"@type":"Organization","@id":"https://www.bioanalyt.com/#organization","name":"Bioanalyt","url":"https://www.bioanalyt.com/","logo":{"@type":"ImageObject","inLanguage":"fr-FR","@id":"https://www.bioanalyt.com/#/schema/logo/image/","url":"https://www.bioanalyt.com/wp-content/uploads/2024/09/Logo-Horizontal.svg","contentUrl":"https://www.bioanalyt.com/wp-content/uploads/2024/09/Logo-Horizontal.svg","width":112,"height":64,"caption":"Bioanalyt"},"image":{"@id":"https://www.bioanalyt.com/#/schema/logo/image/"},"sameAs":["https://www.linkedin.com/company/bioanalyt/","https://www.youtube.com/user/BioAnalyt"]}]}</script>
<!-- / Yoast SEO plugin. -->

N4G Paris réunira les gouvernements, les organisations, les entreprises, les ONG et les principales parties prenantes à l'échelle mondiale et régionale afin de donner la priorité à la nutrition dans le développement et d'accélérer les progrès contre la malnutrition.
