{"id":22587,"date":"2025-01-14T13:18:16","date_gmt":"2025-01-14T13:18:16","guid":{"rendered":"https:\/\/www.bioanalyt.com\/event\/6eme-conference-mondiale-du-forum-des-micronutriments\/"},"modified":"2025-01-14T13:18:16","modified_gmt":"2025-01-14T13:18:16","slug":"6eme-conference-mondiale-du-forum-des-micronutriments","status":"publish","type":"tribe_events","link":"https:\/\/www.bioanalyt.com\/fr\/event\/6eme-conference-mondiale-du-forum-des-micronutriments\/","title":{"rendered":"6\u00e8me conf\u00e9rence mondiale du Forum des micronutriments"},"content":{"rendered":"<p>Marquez vos calendriers du 16 au 20 octobre 2023 lorsque nous pr\u00e9senterons des prototypes qui changent la donne et des expositions interactives lors du 6e Forum sur les micronutriments. Apprenez de nos experts, entrez en contact avec des professionnels partageant les m\u00eames id\u00e9es et explorez l&rsquo;avenir des progr\u00e8s en mati\u00e8re de micronutriments. <\/p>\n","protected":false},"excerpt":{"rendered":"<p>Marquez vos calendriers du 16 au 20 octobre 2023 lorsque nous pr\u00e9senterons des prototypes qui changent la donne et des expositions interactives lors du 6e Forum sur les micronutriments. Apprenez [&hellip;]<\/p>\n","protected":false},"author":3,"featured_media":19048,"template":"","meta":{"_acf_changed":false,"inline_featured_image":false,"_tribe_events_status":"","_tribe_events_status_reason":"","footnotes":""},"tags":[],"tribe_events_cat":[],"class_list":["post-22587","tribe_events","type-tribe_events","status-publish","has-post-thumbnail","hentry"],"acf":[],"yoast_head":"<!-- This site is optimized with the Yoast SEO plugin v25.5 - https:\/\/yoast.com\/wordpress\/plugins\/seo\/ -->\n<title>6\u00e8me conf\u00e9rence mondiale du Forum des micronutriments - Bioanalyt<\/title>\n<meta name=\"robots\" content=\"index, follow, max-snippet:-1, max-image-preview:large, max-video-preview:-1\" \/>\n<link rel=\"canonical\" href=\"https:\/\/www.bioanalyt.com\/event\/6eme-conference-mondiale-du-forum-des-micronutriments\/\" \/>\n<meta property=\"og:locale\" content=\"fr_FR\" \/>\n<meta property=\"og:type\" content=\"article\" \/>\n<meta property=\"og:title\" content=\"6\u00e8me conf\u00e9rence mondiale du Forum des micronutriments - Bioanalyt\" \/>\n<meta property=\"og:description\" content=\"Marquez vos calendriers du 16 au 20 octobre 2023 lorsque nous pr\u00e9senterons des prototypes qui changent la donne et des expositions interactives lors du 6e Forum sur les micronutriments. Apprenez [&hellip;]\" \/>\n<meta property=\"og:url\" content=\"https:\/\/www.bioanalyt.com\/event\/6eme-conference-mondiale-du-forum-des-micronutriments\/\" \/>\n<meta property=\"og:site_name\" content=\"Bioanalyt\" \/>\n<meta name=\"twitter:card\" content=\"summary_large_image\" \/>\n<script type=\"application\/ld+json\" class=\"yoast-schema-graph\">{\"@context\":\"https:\/\/schema.org\",\"@graph\":[{\"@type\":\"WebPage\",\"@id\":\"https:\/\/www.bioanalyt.com\/event\/6eme-conference-mondiale-du-forum-des-micronutriments\/\",\"url\":\"https:\/\/www.bioanalyt.com\/event\/6eme-conference-mondiale-du-forum-des-micronutriments\/\",\"name\":\"6\u00e8me conf\u00e9rence mondiale du Forum des micronutriments - Bioanalyt\",\"isPartOf\":{\"@id\":\"https:\/\/www.bioanalyt.com\/#website\"},\"primaryImageOfPage\":{\"@id\":\"https:\/\/www.bioanalyt.com\/event\/6eme-conference-mondiale-du-forum-des-micronutriments\/#primaryimage\"},\"image\":{\"@id\":\"https:\/\/www.bioanalyt.com\/event\/6eme-conference-mondiale-du-forum-des-micronutriments\/#primaryimage\"},\"thumbnailUrl\":\"https:\/\/www.bioanalyt.com\/wp-content\/uploads\/2024\/11\/image-2.jpg\",\"datePublished\":\"2025-01-14T13:18:16+00:00\",\"breadcrumb\":{\"@id\":\"https:\/\/www.bioanalyt.com\/event\/6eme-conference-mondiale-du-forum-des-micronutriments\/#breadcrumb\"},\"inLanguage\":\"fr-FR\",\"potentialAction\":[{\"@type\":\"ReadAction\",\"target\":[\"https:\/\/www.bioanalyt.com\/event\/6eme-conference-mondiale-du-forum-des-micronutriments\/\"]}]},{\"@type\":\"ImageObject\",\"inLanguage\":\"fr-FR\",\"@id\":\"https:\/\/www.bioanalyt.com\/event\/6eme-conference-mondiale-du-forum-des-micronutriments\/#primaryimage\",\"url\":\"https:\/\/www.bioanalyt.com\/wp-content\/uploads\/2024\/11\/image-2.jpg\",\"contentUrl\":\"https:\/\/www.bioanalyt.com\/wp-content\/uploads\/2024\/11\/image-2.jpg\",\"width\":908,\"height\":906,\"caption\":\"Micronutrient Forum 2023\"},{\"@type\":\"BreadcrumbList\",\"@id\":\"https:\/\/www.bioanalyt.com\/event\/6eme-conference-mondiale-du-forum-des-micronutriments\/#breadcrumb\",\"itemListElement\":[{\"@type\":\"ListItem\",\"position\":1,\"name\":\"Home\",\"item\":\"https:\/\/www.bioanalyt.com\/fr\/\"},{\"@type\":\"ListItem\",\"position\":2,\"name\":\"Events\",\"item\":\"https:\/\/www.bioanalyt.com\/tervie-events\/\"},{\"@type\":\"ListItem\",\"position\":3,\"name\":\"6\u00e8me conf\u00e9rence mondiale du Forum des micronutriments\"}]},{\"@type\":\"WebSite\",\"@id\":\"https:\/\/www.bioanalyt.com\/#website\",\"url\":\"https:\/\/www.bioanalyt.com\/\",\"name\":\"Bioanalyt\",\"description\":\"Measure for life\",\"publisher\":{\"@id\":\"https:\/\/www.bioanalyt.com\/#organization\"},\"potentialAction\":[{\"@type\":\"SearchAction\",\"target\":{\"@type\":\"EntryPoint\",\"urlTemplate\":\"https:\/\/www.bioanalyt.com\/?s={search_term_string}\"},\"query-input\":{\"@type\":\"PropertyValueSpecification\",\"valueRequired\":true,\"valueName\":\"search_term_string\"}}],\"inLanguage\":\"fr-FR\"},{\"@type\":\"Organization\",\"@id\":\"https:\/\/www.bioanalyt.com\/#organization\",\"name\":\"Bioanalyt\",\"url\":\"https:\/\/www.bioanalyt.com\/\",\"logo\":{\"@type\":\"ImageObject\",\"inLanguage\":\"fr-FR\",\"@id\":\"https:\/\/www.bioanalyt.com\/#\/schema\/logo\/image\/\",\"url\":\"https:\/\/www.bioanalyt.com\/wp-content\/uploads\/2024\/09\/Logo-Horizontal.svg\",\"contentUrl\":\"https:\/\/www.bioanalyt.com\/wp-content\/uploads\/2024\/09\/Logo-Horizontal.svg\",\"width\":112,\"height\":64,\"caption\":\"Bioanalyt\"},\"image\":{\"@id\":\"https:\/\/www.bioanalyt.com\/#\/schema\/logo\/image\/\"},\"sameAs\":[\"https:\/\/www.linkedin.com\/company\/bioanalyt\/\",\"https:\/\/www.youtube.com\/user\/BioAnalyt\"]}]}<\/script>\n<!-- \/ Yoast SEO plugin. -->","yoast_head_json":{"title":"6\u00e8me conf\u00e9rence mondiale du Forum des micronutriments - Bioanalyt","robots":{"index":"index","follow":"follow","max-snippet":"max-snippet:-1","max-image-preview":"max-image-preview:large","max-video-preview":"max-video-preview:-1"},"canonical":"https:\/\/www.bioanalyt.com\/event\/6eme-conference-mondiale-du-forum-des-micronutriments\/","og_locale":"fr_FR","og_type":"article","og_title":"6\u00e8me conf\u00e9rence mondiale du Forum des micronutriments - Bioanalyt","og_description":"Marquez vos calendriers du 16 au 20 octobre 2023 lorsque nous pr\u00e9senterons des prototypes qui changent la donne et des expositions interactives lors du 6e Forum sur les micronutriments. Apprenez [&hellip;]","og_url":"https:\/\/www.bioanalyt.com\/event\/6eme-conference-mondiale-du-forum-des-micronutriments\/","og_site_name":"Bioanalyt","twitter_card":"summary_large_image","schema":{"@context":"https:\/\/schema.org","@graph":[{"@type":"WebPage","@id":"https:\/\/www.bioanalyt.com\/event\/6eme-conference-mondiale-du-forum-des-micronutriments\/","url":"https:\/\/www.bioanalyt.com\/event\/6eme-conference-mondiale-du-forum-des-micronutriments\/","name":"6\u00e8me conf\u00e9rence mondiale du Forum des micronutriments - Bioanalyt","isPartOf":{"@id":"https:\/\/www.bioanalyt.com\/#website"},"primaryImageOfPage":{"@id":"https:\/\/www.bioanalyt.com\/event\/6eme-conference-mondiale-du-forum-des-micronutriments\/#primaryimage"},"image":{"@id":"https:\/\/www.bioanalyt.com\/event\/6eme-conference-mondiale-du-forum-des-micronutriments\/#primaryimage"},"thumbnailUrl":"https:\/\/www.bioanalyt.com\/wp-content\/uploads\/2024\/11\/image-2.jpg","datePublished":"2025-01-14T13:18:16+00:00","breadcrumb":{"@id":"https:\/\/www.bioanalyt.com\/event\/6eme-conference-mondiale-du-forum-des-micronutriments\/#breadcrumb"},"inLanguage":"fr-FR","potentialAction":[{"@type":"ReadAction","target":["https:\/\/www.bioanalyt.com\/event\/6eme-conference-mondiale-du-forum-des-micronutriments\/"]}]},{"@type":"ImageObject","inLanguage":"fr-FR","@id":"https:\/\/www.bioanalyt.com\/event\/6eme-conference-mondiale-du-forum-des-micronutriments\/#primaryimage","url":"https:\/\/www.bioanalyt.com\/wp-content\/uploads\/2024\/11\/image-2.jpg","contentUrl":"https:\/\/www.bioanalyt.com\/wp-content\/uploads\/2024\/11\/image-2.jpg","width":908,"height":906,"caption":"Micronutrient Forum 2023"},{"@type":"BreadcrumbList","@id":"https:\/\/www.bioanalyt.com\/event\/6eme-conference-mondiale-du-forum-des-micronutriments\/#breadcrumb","itemListElement":[{"@type":"ListItem","position":1,"name":"Home","item":"https:\/\/www.bioanalyt.com\/fr\/"},{"@type":"ListItem","position":2,"name":"Events","item":"https:\/\/www.bioanalyt.com\/tervie-events\/"},{"@type":"ListItem","position":3,"name":"6\u00e8me conf\u00e9rence mondiale du Forum des micronutriments"}]},{"@type":"WebSite","@id":"https:\/\/www.bioanalyt.com\/#website","url":"https:\/\/www.bioanalyt.com\/","name":"Bioanalyt","description":"Measure for life","publisher":{"@id":"https:\/\/www.bioanalyt.com\/#organization"},"potentialAction":[{"@type":"SearchAction","target":{"@type":"EntryPoint","urlTemplate":"https:\/\/www.bioanalyt.com\/?s={search_term_string}"},"query-input":{"@type":"PropertyValueSpecification","valueRequired":true,"valueName":"search_term_string"}}],"inLanguage":"fr-FR"},{"@type":"Organization","@id":"https:\/\/www.bioanalyt.com\/#organization","name":"Bioanalyt","url":"https:\/\/www.bioanalyt.com\/","logo":{"@type":"ImageObject","inLanguage":"fr-FR","@id":"https:\/\/www.bioanalyt.com\/#\/schema\/logo\/image\/","url":"https:\/\/www.bioanalyt.com\/wp-content\/uploads\/2024\/09\/Logo-Horizontal.svg","contentUrl":"https:\/\/www.bioanalyt.com\/wp-content\/uploads\/2024\/09\/Logo-Horizontal.svg","width":112,"height":64,"caption":"Bioanalyt"},"image":{"@id":"https:\/\/www.bioanalyt.com\/#\/schema\/logo\/image\/"},"sameAs":["https:\/\/www.linkedin.com\/company\/bioanalyt\/","https:\/\/www.youtube.com\/user\/BioAnalyt"]}]}},"_links":{"self":[{"href":"https:\/\/www.bioanalyt.com\/fr\/wp-json\/wp\/v2\/tribe_events\/22587","targetHints":{"allow":["GET"]}}],"collection":[{"href":"https:\/\/www.bioanalyt.com\/fr\/wp-json\/wp\/v2\/tribe_events"}],"about":[{"href":"https:\/\/www.bioanalyt.com\/fr\/wp-json\/wp\/v2\/types\/tribe_events"}],"author":[{"embeddable":true,"href":"https:\/\/www.bioanalyt.com\/fr\/wp-json\/wp\/v2\/users\/3"}],"version-history":[{"count":0,"href":"https:\/\/www.bioanalyt.com\/fr\/wp-json\/wp\/v2\/tribe_events\/22587\/revisions"}],"wp:featuredmedia":[{"embeddable":true,"href":"https:\/\/www.bioanalyt.com\/fr\/wp-json\/wp\/v2\/media\/19048"}],"wp:attachment":[{"href":"https:\/\/www.bioanalyt.com\/fr\/wp-json\/wp\/v2\/media?parent=22587"}],"wp:term":[{"taxonomy":"post_tag","embeddable":true,"href":"https:\/\/www.bioanalyt.com\/fr\/wp-json\/wp\/v2\/tags?post=22587"},{"taxonomy":"tribe_events_cat","embeddable":true,"href":"https:\/\/www.bioanalyt.com\/fr\/wp-json\/wp\/v2\/tribe_events_cat?post=22587"}],"curies":[{"name":"wp","href":"https:\/\/api.w.org\/{rel}","templated":true}]}}

6ème conférence mondiale du Forum des micronutriments

<p>Marquez vos calendriers du 16 au 20 octobre 2023 lorsque nous présenterons des prototypes qui changent la donne et des expositions interactives lors du 6e Forum sur les micronutriments. Apprenez de nos experts, entrez en contact avec des professionnels partageant les mêmes idées et explorez l&rsquo;avenir des progrès en matière de micronutriments. </p>

<p>Marquez vos calendriers du 16 au 20 octobre 2023 lorsque nous présenterons des prototypes qui changent la donne et des expositions interactives lors du 6e Forum sur les micronutriments. Apprenez [&hellip;]</p>

<!-- This site is optimized with the Yoast SEO plugin v25.5 - https://yoast.com/wordpress/plugins/seo/ -->
<title>6ème conférence mondiale du Forum des micronutriments - Bioanalyt</title>
<meta name="robots" content="index, follow, max-snippet:-1, max-image-preview:large, max-video-preview:-1" />
<link rel="canonical" href="https://www.bioanalyt.com/event/6eme-conference-mondiale-du-forum-des-micronutriments/" />
<meta property="og:locale" content="fr_FR" />
<meta property="og:type" content="article" />
<meta property="og:title" content="6ème conférence mondiale du Forum des micronutriments - Bioanalyt" />
<meta property="og:description" content="Marquez vos calendriers du 16 au 20 octobre 2023 lorsque nous présenterons des prototypes qui changent la donne et des expositions interactives lors du 6e Forum sur les micronutriments. Apprenez [&hellip;]" />
<meta property="og:url" content="https://www.bioanalyt.com/event/6eme-conference-mondiale-du-forum-des-micronutriments/" />
<meta property="og:site_name" content="Bioanalyt" />
<meta name="twitter:card" content="summary_large_image" />
<script type="application/ld+json" class="yoast-schema-graph">{"@context":"https://schema.org","@graph":[{"@type":"WebPage","@id":"https://www.bioanalyt.com/event/6eme-conference-mondiale-du-forum-des-micronutriments/","url":"https://www.bioanalyt.com/event/6eme-conference-mondiale-du-forum-des-micronutriments/","name":"6ème conférence mondiale du Forum des micronutriments - Bioanalyt","isPartOf":{"@id":"https://www.bioanalyt.com/#website"},"primaryImageOfPage":{"@id":"https://www.bioanalyt.com/event/6eme-conference-mondiale-du-forum-des-micronutriments/#primaryimage"},"image":{"@id":"https://www.bioanalyt.com/event/6eme-conference-mondiale-du-forum-des-micronutriments/#primaryimage"},"thumbnailUrl":"https://www.bioanalyt.com/wp-content/uploads/2024/11/image-2.jpg","datePublished":"2025-01-14T13:18:16+00:00","breadcrumb":{"@id":"https://www.bioanalyt.com/event/6eme-conference-mondiale-du-forum-des-micronutriments/#breadcrumb"},"inLanguage":"fr-FR","potentialAction":[{"@type":"ReadAction","target":["https://www.bioanalyt.com/event/6eme-conference-mondiale-du-forum-des-micronutriments/"]}]},{"@type":"ImageObject","inLanguage":"fr-FR","@id":"https://www.bioanalyt.com/event/6eme-conference-mondiale-du-forum-des-micronutriments/#primaryimage","url":"https://www.bioanalyt.com/wp-content/uploads/2024/11/image-2.jpg","contentUrl":"https://www.bioanalyt.com/wp-content/uploads/2024/11/image-2.jpg","width":908,"height":906,"caption":"Micronutrient Forum 2023"},{"@type":"BreadcrumbList","@id":"https://www.bioanalyt.com/event/6eme-conference-mondiale-du-forum-des-micronutriments/#breadcrumb","itemListElement":[{"@type":"ListItem","position":1,"name":"Home","item":"https://www.bioanalyt.com/fr/"},{"@type":"ListItem","position":2,"name":"Events","item":"https://www.bioanalyt.com/tervie-events/"},{"@type":"ListItem","position":3,"name":"6ème conférence mondiale du Forum des micronutriments"}]},{"@type":"WebSite","@id":"https://www.bioanalyt.com/#website","url":"https://www.bioanalyt.com/","name":"Bioanalyt","description":"Measure for life","publisher":{"@id":"https://www.bioanalyt.com/#organization"},"potentialAction":[{"@type":"SearchAction","target":{"@type":"EntryPoint","urlTemplate":"https://www.bioanalyt.com/?s={search_term_string}"},"query-input":{"@type":"PropertyValueSpecification","valueRequired":true,"valueName":"search_term_string"}}],"inLanguage":"fr-FR"},{"@type":"Organization","@id":"https://www.bioanalyt.com/#organization","name":"Bioanalyt","url":"https://www.bioanalyt.com/","logo":{"@type":"ImageObject","inLanguage":"fr-FR","@id":"https://www.bioanalyt.com/#/schema/logo/image/","url":"https://www.bioanalyt.com/wp-content/uploads/2024/09/Logo-Horizontal.svg","contentUrl":"https://www.bioanalyt.com/wp-content/uploads/2024/09/Logo-Horizontal.svg","width":112,"height":64,"caption":"Bioanalyt"},"image":{"@id":"https://www.bioanalyt.com/#/schema/logo/image/"},"sameAs":["https://www.linkedin.com/company/bioanalyt/","https://www.youtube.com/user/BioAnalyt"]}]}</script>
<!-- / Yoast SEO plugin. -->

6ème conférence mondiale du Forum des micronutriments - Bioanalyt

Marquez vos calendriers du 16 au 20 octobre 2023 lorsque nous présenterons des prototypes qui changent la donne et des expositions interactives lors du 6e Forum sur les micronutriments. Apprenez [&hellip;]
