{"id":22774,"date":"2024-11-26T09:23:07","date_gmt":"2024-11-26T09:23:07","guid":{"rendered":"https:\/\/www.bioanalyt.com\/resources\/un-laboratoire-dans-une-valise\/"},"modified":"2024-11-26T09:23:07","modified_gmt":"2024-11-26T09:23:07","slug":"un-laboratoire-dans-une-valise","status":"publish","type":"resources","link":"https:\/\/www.bioanalyt.com\/fr\/resources\/un-laboratoire-dans-une-valise\/","title":{"rendered":"Un laboratoire dans une valise"},"content":{"rendered":"<p>Dans certains pays, la carence en vitamine A rend des millions d&rsquo;enfants aveugles. Ces gouvernements r\u00e9solvent le probl\u00e8me en important de l&rsquo;huile v\u00e9g\u00e9tale enrichie en vitamine A, mais il n&rsquo;est pas toujours possible de s&rsquo;assurer de la qualit\u00e9 de l&rsquo;huile. Jusqu&rsquo;\u00e0 l&rsquo;arriv\u00e9e d&rsquo;iCheck.  <\/p>\n","protected":false},"featured_media":19817,"menu_order":0,"template":"","categories":[535],"class_list":["post-22774","resources","type-resources","status-publish","has-post-thumbnail","hentry","categories-brand-eins"],"acf":[],"yoast_head":"<!-- This site is optimized with the Yoast SEO plugin v25.5 - https:\/\/yoast.com\/wordpress\/plugins\/seo\/ -->\n<title>Un laboratoire dans une valise - Bioanalyt<\/title>\n<meta name=\"description\" content=\"Dans certains pays, la carence en vitamine A rend des millions d&#039;enfants aveugles.\" \/>\n<meta name=\"robots\" content=\"index, follow, max-snippet:-1, max-image-preview:large, max-video-preview:-1\" \/>\n<link rel=\"canonical\" href=\"https:\/\/www.bioanalyt.com\/fr\/resources\/un-laboratoire-dans-une-valise\/\" \/>\n<meta property=\"og:locale\" content=\"fr_FR\" \/>\n<meta property=\"og:type\" content=\"article\" \/>\n<meta property=\"og:title\" content=\"Un laboratoire dans une valise - Bioanalyt\" \/>\n<meta property=\"og:description\" content=\"Dans certains pays, la carence en vitamine A rend des millions d&#039;enfants aveugles.\" \/>\n<meta property=\"og:url\" content=\"https:\/\/www.bioanalyt.com\/fr\/resources\/un-laboratoire-dans-une-valise\/\" \/>\n<meta property=\"og:site_name\" content=\"Bioanalyt\" \/>\n<meta property=\"og:image\" content=\"https:\/\/www.bioanalyt.com\/wp-content\/uploads\/2024\/11\/Das_geht_iCheck_Vitamin_A_Test.jpeg\" \/>\n\t<meta property=\"og:image:width\" content=\"674\" \/>\n\t<meta property=\"og:image:height\" content=\"539\" \/>\n\t<meta property=\"og:image:type\" content=\"image\/jpeg\" \/>\n<meta name=\"twitter:card\" content=\"summary_large_image\" \/>\n<script type=\"application\/ld+json\" class=\"yoast-schema-graph\">{\"@context\":\"https:\/\/schema.org\",\"@graph\":[{\"@type\":\"WebPage\",\"@id\":\"https:\/\/www.bioanalyt.com\/fr\/resources\/un-laboratoire-dans-une-valise\/\",\"url\":\"https:\/\/www.bioanalyt.com\/fr\/resources\/un-laboratoire-dans-une-valise\/\",\"name\":\"Un laboratoire dans une valise - Bioanalyt\",\"isPartOf\":{\"@id\":\"https:\/\/www.bioanalyt.com\/#website\"},\"primaryImageOfPage\":{\"@id\":\"https:\/\/www.bioanalyt.com\/fr\/resources\/un-laboratoire-dans-une-valise\/#primaryimage\"},\"image\":{\"@id\":\"https:\/\/www.bioanalyt.com\/fr\/resources\/un-laboratoire-dans-une-valise\/#primaryimage\"},\"thumbnailUrl\":\"https:\/\/www.bioanalyt.com\/wp-content\/uploads\/2024\/11\/Das_geht_iCheck_Vitamin_A_Test.jpeg\",\"datePublished\":\"2024-11-26T09:23:07+00:00\",\"description\":\"Dans certains pays, la carence en vitamine A rend des millions d'enfants aveugles.\",\"breadcrumb\":{\"@id\":\"https:\/\/www.bioanalyt.com\/fr\/resources\/un-laboratoire-dans-une-valise\/#breadcrumb\"},\"inLanguage\":\"fr-FR\",\"potentialAction\":[{\"@type\":\"ReadAction\",\"target\":[\"https:\/\/www.bioanalyt.com\/fr\/resources\/un-laboratoire-dans-une-valise\/\"]}]},{\"@type\":\"ImageObject\",\"inLanguage\":\"fr-FR\",\"@id\":\"https:\/\/www.bioanalyt.com\/fr\/resources\/un-laboratoire-dans-une-valise\/#primaryimage\",\"url\":\"https:\/\/www.bioanalyt.com\/wp-content\/uploads\/2024\/11\/Das_geht_iCheck_Vitamin_A_Test.jpeg\",\"contentUrl\":\"https:\/\/www.bioanalyt.com\/wp-content\/uploads\/2024\/11\/Das_geht_iCheck_Vitamin_A_Test.jpeg\",\"width\":674,\"height\":539,\"caption\":\"Prof. Dr. Florian J Schweigert\"},{\"@type\":\"BreadcrumbList\",\"@id\":\"https:\/\/www.bioanalyt.com\/fr\/resources\/un-laboratoire-dans-une-valise\/#breadcrumb\",\"itemListElement\":[{\"@type\":\"ListItem\",\"position\":1,\"name\":\"Home\",\"item\":\"https:\/\/www.bioanalyt.com\/fr\/\"},{\"@type\":\"ListItem\",\"position\":2,\"name\":\"Un laboratoire dans une valise\"}]},{\"@type\":\"WebSite\",\"@id\":\"https:\/\/www.bioanalyt.com\/#website\",\"url\":\"https:\/\/www.bioanalyt.com\/\",\"name\":\"Bioanalyt\",\"description\":\"Measure for life\",\"publisher\":{\"@id\":\"https:\/\/www.bioanalyt.com\/#organization\"},\"potentialAction\":[{\"@type\":\"SearchAction\",\"target\":{\"@type\":\"EntryPoint\",\"urlTemplate\":\"https:\/\/www.bioanalyt.com\/?s={search_term_string}\"},\"query-input\":{\"@type\":\"PropertyValueSpecification\",\"valueRequired\":true,\"valueName\":\"search_term_string\"}}],\"inLanguage\":\"fr-FR\"},{\"@type\":\"Organization\",\"@id\":\"https:\/\/www.bioanalyt.com\/#organization\",\"name\":\"Bioanalyt\",\"url\":\"https:\/\/www.bioanalyt.com\/\",\"logo\":{\"@type\":\"ImageObject\",\"inLanguage\":\"fr-FR\",\"@id\":\"https:\/\/www.bioanalyt.com\/#\/schema\/logo\/image\/\",\"url\":\"https:\/\/www.bioanalyt.com\/wp-content\/uploads\/2024\/09\/Logo-Horizontal.svg\",\"contentUrl\":\"https:\/\/www.bioanalyt.com\/wp-content\/uploads\/2024\/09\/Logo-Horizontal.svg\",\"width\":112,\"height\":64,\"caption\":\"Bioanalyt\"},\"image\":{\"@id\":\"https:\/\/www.bioanalyt.com\/#\/schema\/logo\/image\/\"},\"sameAs\":[\"https:\/\/www.linkedin.com\/company\/bioanalyt\/\",\"https:\/\/www.youtube.com\/user\/BioAnalyt\"]}]}<\/script>\n<!-- \/ Yoast SEO plugin. -->","yoast_head_json":{"title":"Un laboratoire dans une valise - Bioanalyt","description":"Dans certains pays, la carence en vitamine A rend des millions d'enfants aveugles.","robots":{"index":"index","follow":"follow","max-snippet":"max-snippet:-1","max-image-preview":"max-image-preview:large","max-video-preview":"max-video-preview:-1"},"canonical":"https:\/\/www.bioanalyt.com\/fr\/resources\/un-laboratoire-dans-une-valise\/","og_locale":"fr_FR","og_type":"article","og_title":"Un laboratoire dans une valise - Bioanalyt","og_description":"Dans certains pays, la carence en vitamine A rend des millions d'enfants aveugles.","og_url":"https:\/\/www.bioanalyt.com\/fr\/resources\/un-laboratoire-dans-une-valise\/","og_site_name":"Bioanalyt","og_image":[{"width":674,"height":539,"url":"https:\/\/www.bioanalyt.com\/wp-content\/uploads\/2024\/11\/Das_geht_iCheck_Vitamin_A_Test.jpeg","type":"image\/jpeg"}],"twitter_card":"summary_large_image","schema":{"@context":"https:\/\/schema.org","@graph":[{"@type":"WebPage","@id":"https:\/\/www.bioanalyt.com\/fr\/resources\/un-laboratoire-dans-une-valise\/","url":"https:\/\/www.bioanalyt.com\/fr\/resources\/un-laboratoire-dans-une-valise\/","name":"Un laboratoire dans une valise - Bioanalyt","isPartOf":{"@id":"https:\/\/www.bioanalyt.com\/#website"},"primaryImageOfPage":{"@id":"https:\/\/www.bioanalyt.com\/fr\/resources\/un-laboratoire-dans-une-valise\/#primaryimage"},"image":{"@id":"https:\/\/www.bioanalyt.com\/fr\/resources\/un-laboratoire-dans-une-valise\/#primaryimage"},"thumbnailUrl":"https:\/\/www.bioanalyt.com\/wp-content\/uploads\/2024\/11\/Das_geht_iCheck_Vitamin_A_Test.jpeg","datePublished":"2024-11-26T09:23:07+00:00","description":"Dans certains pays, la carence en vitamine A rend des millions d'enfants aveugles.","breadcrumb":{"@id":"https:\/\/www.bioanalyt.com\/fr\/resources\/un-laboratoire-dans-une-valise\/#breadcrumb"},"inLanguage":"fr-FR","potentialAction":[{"@type":"ReadAction","target":["https:\/\/www.bioanalyt.com\/fr\/resources\/un-laboratoire-dans-une-valise\/"]}]},{"@type":"ImageObject","inLanguage":"fr-FR","@id":"https:\/\/www.bioanalyt.com\/fr\/resources\/un-laboratoire-dans-une-valise\/#primaryimage","url":"https:\/\/www.bioanalyt.com\/wp-content\/uploads\/2024\/11\/Das_geht_iCheck_Vitamin_A_Test.jpeg","contentUrl":"https:\/\/www.bioanalyt.com\/wp-content\/uploads\/2024\/11\/Das_geht_iCheck_Vitamin_A_Test.jpeg","width":674,"height":539,"caption":"Prof. Dr. Florian J Schweigert"},{"@type":"BreadcrumbList","@id":"https:\/\/www.bioanalyt.com\/fr\/resources\/un-laboratoire-dans-une-valise\/#breadcrumb","itemListElement":[{"@type":"ListItem","position":1,"name":"Home","item":"https:\/\/www.bioanalyt.com\/fr\/"},{"@type":"ListItem","position":2,"name":"Un laboratoire dans une valise"}]},{"@type":"WebSite","@id":"https:\/\/www.bioanalyt.com\/#website","url":"https:\/\/www.bioanalyt.com\/","name":"Bioanalyt","description":"Measure for life","publisher":{"@id":"https:\/\/www.bioanalyt.com\/#organization"},"potentialAction":[{"@type":"SearchAction","target":{"@type":"EntryPoint","urlTemplate":"https:\/\/www.bioanalyt.com\/?s={search_term_string}"},"query-input":{"@type":"PropertyValueSpecification","valueRequired":true,"valueName":"search_term_string"}}],"inLanguage":"fr-FR"},{"@type":"Organization","@id":"https:\/\/www.bioanalyt.com\/#organization","name":"Bioanalyt","url":"https:\/\/www.bioanalyt.com\/","logo":{"@type":"ImageObject","inLanguage":"fr-FR","@id":"https:\/\/www.bioanalyt.com\/#\/schema\/logo\/image\/","url":"https:\/\/www.bioanalyt.com\/wp-content\/uploads\/2024\/09\/Logo-Horizontal.svg","contentUrl":"https:\/\/www.bioanalyt.com\/wp-content\/uploads\/2024\/09\/Logo-Horizontal.svg","width":112,"height":64,"caption":"Bioanalyt"},"image":{"@id":"https:\/\/www.bioanalyt.com\/#\/schema\/logo\/image\/"},"sameAs":["https:\/\/www.linkedin.com\/company\/bioanalyt\/","https:\/\/www.youtube.com\/user\/BioAnalyt"]}]}},"_links":{"self":[{"href":"https:\/\/www.bioanalyt.com\/fr\/wp-json\/wp\/v2\/resources\/22774","targetHints":{"allow":["GET"]}}],"collection":[{"href":"https:\/\/www.bioanalyt.com\/fr\/wp-json\/wp\/v2\/resources"}],"about":[{"href":"https:\/\/www.bioanalyt.com\/fr\/wp-json\/wp\/v2\/types\/resources"}],"version-history":[{"count":0,"href":"https:\/\/www.bioanalyt.com\/fr\/wp-json\/wp\/v2\/resources\/22774\/revisions"}],"wp:featuredmedia":[{"embeddable":true,"href":"https:\/\/www.bioanalyt.com\/fr\/wp-json\/wp\/v2\/media\/19817"}],"wp:attachment":[{"href":"https:\/\/www.bioanalyt.com\/fr\/wp-json\/wp\/v2\/media?parent=22774"}],"wp:term":[{"taxonomy":"categories","embeddable":true,"href":"https:\/\/www.bioanalyt.com\/fr\/wp-json\/wp\/v2\/categories?post=22774"}],"curies":[{"name":"wp","href":"https:\/\/api.w.org\/{rel}","templated":true}]}}

<p>Dans certains pays, la carence en vitamine A rend des millions d&rsquo;enfants aveugles. Ces gouvernements résolvent le problème en important de l&rsquo;huile végétale enrichie en vitamine A, mais il n&rsquo;est pas toujours possible de s&rsquo;assurer de la qualité de l&rsquo;huile. Jusqu&rsquo;à l&rsquo;arrivée d&rsquo;iCheck.  </p>
